x + 60. What is j(25)?
-90
Let w(f) = -4*f**3 - 50*f**2 - 5*f - 392. Determine w(-13).
11
Let g(a) = -153*a**2 - 929*a - 4. Give g(-6).
62
Let g(m) = -2*m**2 - 192*m - 1073. What is g(-6)?
7
Let p(v) = 7*v - 255. What is p(30)?
-45
Let i(l) = -20*l**2 + 108*l - 61. Calculate i(6).
-133
Let a(o) = o**3 - 14*o**2 + 78*o - 175. Give a(7).
28
Let d(k) = 151*k - 1396. Give d(9).
-37
Let j(k) = k**3 - 20*k**2 + 50*k - 30. What is j(17)?
-47
Let t(l) = 2*l**2 + 164*l - 1247. Calculate t(-89).
-1
Let r(d) = -12*d**2 - 89*d - 49. Determine r(-7).
-14
Let v(b) = b**2 - 12*b - 165. Calculate v(19).
-32
Let n(o) = -5*o**3 - 47*o**2 - 11*o + 21. Determine n(-9).
-42
Let b(t) = 41*t**3 - 6*t**2 + 4*t + 21. What is b(2)?
333
Let a(w) = 558*w - 11724. Calculate a(21).
-6
Let f(d) = -48*d**2 + 38*d - 78. Determine f(2).
-194
Let t(k) = -348*k**3 - 3*k**2 + 2. Calculate t(1).
-349
Let h(c) = c**3 + 7*c**2 - 48*c - 34. Calculate h(-11).
10
Let j(z) = -z**3 - 30*z**2 - 96*z - 411. What is j(-27)?
-6
Let n(z) = 67*z + 560. What is n(-8)?
24
Let y(d) = -5*d**2 + 5*d - 12. Give y(5).
-112
Let j(d) = -d**3 - 70*d**2 + 149*d + 354. Calculate j(-72).
-6
Let j(i) = 2*i**2 + 30*i - 39. Calculate j(-14).
-67
Let o(f) = 135*f - 1170. What is o(7)?
-225
Let l(r) = r**2 + 137*r + 4185. Determine l(-46).
-1
Let q(s) = s**3 - 15*s**2 - 28*s + 15. Determine q(17).
117
Let f(q) = -333*q + 1998. Determine f(6).
0
Let l(m) = -14*m - 288. Give l(-25).
62
Let a(n) = 404*n + 1227. Determine a(-3).
15
Let k(h) = h**3 - 60*h**2 + 166*h + 283. Calculate k(57).
-2
Let w(p) = 5*p**3 + 4*p**2 + 6*p + 7. What is w(-2)?
-29
Let g(o) = 9*o**2 - 307*o + 477. Give g(33).
147
Let x(k) = k**2 + 78*k + 1663. Give x(-40).
143
Let c(u) = -13*u**2 + 43*u - 36. Calculate c(1).
-6
Let a(k) = -k**2 - 62*k - 895. What is a(-36)?
41
Let n(y) = -8*y**3 - 329*y**2 - 43*y - 75. Give n(-41).
7
Let u(b) = -8*b**2 - 46*b - 127. Give u(-3).
-61
Let n(c) = -6*c**3 + 78*c**2 - 2*c - 18. What is n(13)?
-44
Let q(x) = -136*x + 199. Calculate q(5).
-481
Let j(v) = -6*v + 10. Calculate j(1).
4
Let h(p) = -p**2 + 46*p + 78. Give h(48).
-18
Let r(z) = 3*z**2 - 100*z + 43. What is r(33)?
10
Let v(g) = -4*g**3 + 60*g**2 + 9*g - 21. What is v(15)?
114
Let o(g) = -52*g - 1514. Give o(-30).
46
Let m(c) = 10*c**2 - 204*c - 37. Calculate m(21).
89
Let o(z) = -10*z**2 - 2*z - 2. Give o(3).
-98
Let u(y) = -3*y - 146. Calculate u(-6).
-128
Let v(r) = r**3 + 34*r**2 - 166*r + 200. What is v(2)?
12
Let q(j) = -1331*j + 7998. Calculate q(6).
12
Let a(o) = -o**3 + 4*o**2 + 18*o - 17. Calculate a(-6).
235
Let w(q) = -149*q - 281. Calculate w(-2).
17
Let y(h) = -4*h**2 - 238*h - 409. What is y(-59)?
-291
Let b(p) = -2*p**3 - 6*p**2 - 130*p - 374. Calculate b(-3).
16
Let k(n) = 6*n**3 + 5*n**2 - 15*n - 2. Calculate k(3).
160
Let v(h) = 4*h**3 + 25*h**2 - 10*h + 23. Determine v(-7).
-54
Let w(a) = -6*a**2 + 167*a + 31. What is w(28)?
3
Let i(g) = -g**3 + 161*g**2 + 157*g + 820. Calculate i(162).
10
Let j(t) = 128*t + 782. Give j(-6).
14
Let y(p) = -8*p + 477. What is y(30)?
237
Let k(s) = 44*s**3 + 3*s**2 - 9*s + 8. Calculate k(2).
354
Let h(y) = -376*y - 10153. Calculate h(-27).
-1
Let x(r) = 2*r**3 + 391*r**2 + 162*r - 6428. What is x(-195)?
7
Let m(r) = -12*r**2 + 313*r - 39. What is m(26)?
-13
Let q(f) = -3*f**2 + 60*f - 227. Give q(15).
-2
Let i(q) = -2*q**3 + q + 32. Calculate i(5).
-213
Let h(x) = 255*x**2 + 6*x - 5. What is h(1)?
256
Let v(x) = -24*x**2 - 161*x + 53. What is v(-7)?
4
Let b(t) = -3*t**2 - 7*t + 13. Calculate b(0).
13
Let h(w) = w**3 + 3983*w**2 - 63983*w - 12. Give h(16).
4
Let f(h) = h**3 + 70*h**2 - 156*h - 852. Give f(-72).
12
Let f(a) = -43*a - 3431. What is f(-80)?
9
Let b(z) = -4801*z + 62401. Calculate b(13).
-12
Let s(l) = -l**2 + 11*l - 32. Give s(3).
-8
Let b(h) = -h**3 + 144*h**2 - 321*h + 5303. Give b(142).
49
Let j(g) = g**3 - 75*g**2 - 234*g + 14. Calculate j(78).
14
Let o(l) = 94*l + 1656. Calculate o(-18).
-36
Let c(g) = g**2 - 11*g - 110. Calculate c(12).
-98
Let f(t) = -12*t - 16. What is f(4)?
-64
Let w(a) = -716*a - 5019. Give w(-7).
-7
Let v(y) = -y**3 - 21*y**2 + 301*y + 1473. Give v(-4).
-3
Let d(w) = w**3 + 26*w**2 - 7*w - 13. Calculate d(-26).
169
Let m(t) = 10*t + 71. What is m(-19)?
-119
Let u(q) = -q**3 - 19*q**2 - 61*q + 122. Calculate u(-13).
-99
Let j(l) = 2*l**3 + 7*l**2 + l + 10. Calculate j(-6).
-176
Let w(g) = g**3 + 39*g**2 - 164*g - 4965. What is w(-40)?
-5
Let d(l) = 2*l**3 + 28*l**2 - 8*l - 118. Give d(-16).
-1014
Let v(b) = -b**2 + 16*b + 30. Calculate v(-6).
-102
Let g(s) = -s**3 - 16*s**2 + 36*s + 49. Determine g(-18).
49
Let a(k) = 19*k + 5. Calculate a(19).
366
Let b(q) = 4*q**2 + 57*q + 208. What is b(-6)?
10
Let q(u) = -u**3 + 9*u**2 + 20*u - 109. Determine q(15).
-1159
Let h(k) = -8*k + 121. Give h(15).
1
Let o(b) = -b**2 + 100*b - 2475. What is o(55)?
0
Let i(f) = f**3 - 29*f**2 + 109*f - 229. Give i(25).
-4
Let c(t) = 23*t + 266. Determine c(-7).
105
Let n(m) = -9*m**2 - 284*m - 150. Give n(-31).
5
Let n(s) = -8000*s**2 + 40001*s - 6. Calculate n(5).
-1
Let a(k) = 2*k**2 - 356*k + 2699. Give a(8).
-21
Let r(f) = -4*f**2 + 7*f + 11. Calculate r(3).
-4
Let q(d) = -5*d**2 - 32*d - 19. Calculate q(-5).
16
Let f(r) = -16*r**2 - 146*r - 58. Determine f(-9).
-40
Let c(l) = l**2 + 76*l + 444. What is c(-6)?
24
Let i(z) = -16*z - 422. Calculate i(0).
-422
Let f(h) = 6*h**3 + 10*h**2 + 16*h - 4. Calculate f(-6).
-1036
Let s(v) = -v**3 - 17*v**2 - 40*v + 4. Give s(-11).
-282
Let b(u) = 2*u**2 - 492*u + 987. Calculate b(2).
11
Let i(w) = 5298*w - 26487. Calculate i(5).
3
Let o(a) = -15*a - 114. Give o(-6).
-24
Let h(f) = 13*f**2 - 61*f + 61. What is h(1)?
13
Let a(q) = -q**3 + 43*q**2 - 83*q + 63. Determine a(41).
22
Let q(u) = -42*u - 5. Calculate q(-3).
121
Let d(t) = -t**3 - 15*t**2 - 4*t + 227. What is d(-5)?
-3
Let x(y) = 23*y - 1611. Determine x(69).
-24
Let s(c) = -109*c - 449. Calculate s(-4).
-13
Let x(d) = -26*d + 195. Determine x(9).
-39
Let a(x) = x**3 + 3*x**2 - 19*x - 137. Calculate a(5).
-32
Let o(s) = -30*s + 233. Calculate o(20).
-367
Let d(c) = -11*c + 2. Calculate d(0).
2
Let j(v) = 913*v - 1853. Determine j(2).
-27
Let t(k) = 3*k**3 - 10*k**2 + 12*k + 6. Give t(4).
86
Let d(a) = -a**3 - 19*a**2 - 79*a + 72. Give d(-12).
12
Let h(v) = 16*v**3 + 3*v**2 - 2*v - 4. Determine h(-2).
-116
Let r(u) = 83*u**2 + 1501*u + 57. Determine r(-18).
-69
Let b(r) = -r**3 - 93*r**2 - 581*r - 20032. What is b(-89)?
-7
Let q(t) = -9*t**3 + 49*t**2 - 24*t + 24. Determine q(5).
4
Let n(j) = j**3 - 6*j**2 + 17. Give n(5).
-8
Let n(l) = l**2 + 8*l - 102. What is n(9)?
51
Let y(n) = -n**3 + 6*n**2 - 31*n + 49. Calculate y(2).
3
Let b(v) = -3*v**3 - 8*v**2 - 24*v - 69. Calculate b(-3).
12
Let g(l) = -83*l + 474. Determine g(5).
59
Let s(r) = 3*r**2 - 8*r + 4. Give s(3).
7
Let h(i) = -63*i**2 + 24*i + 24. Determine h(-1).
-63
Let s(z) = -3*z**2 + 155*z + 733. Calculate s(56).
5
Let k(z) = -z**3 - 14*z**2 + 37*z - 35. Calculate k(-16).
-115
Let y(r) = 5*r**2 + 123*r - 34. Give y(-26).
148
Let k(b) = -b**3 - 17*b**2 + 88*b + 133. Calculate k(-21).
49
Let g(l) = 162*l - 4046. Give g(26).
166
Let x(n) = n**3 + 33*n**2 + 30*n - 34. Determine x(-32).
30
Let n(g) = 8*g**2 + 813*g + 2110. What is n(-99)?
31
Let d(u) = 10*u**2 - 3*u - 27. Determine d(4).
121
Let z(q) = q**3 - 10*q**2 + 143*q - 1378. What is z(10)?
52
Let q(o) = 153*o + 3669. What is q(-24)?
-3
Let w(m) = m**3 - 5*m**2 + 6*m - 4. Give w(6).
68
Let o(y) = -151*y + 66. What is o(-3)?
519
Let d(p) = 274*p - 1375. Determine d(5).
-5
Let i(y) = 31*y - 165. Give i(5).
-10
Let y(q) = -8*q**2 + 97*q + 522. Give y(-4).
6
Let d(g) = -8*g**2 - 127*g + 32. Give d(-20).
-628
Let w(y) = -2*y**2 - 12*y + 1569. Determine w(-31).
19
Let a(n) = -n**3 - 6*n**2 + 6*n - 12. What is a(-7)?
-5
Let m(q) = 5*q**2 + 36*q + 71. What is m(-2)?
19
Let c(g) = g**3 - 5*g**2 - 18*g + 80. Calculate c(5).
-10
Let x(m) = 16*m - 586. Give x(36).
-10
Let m(x) = -4*x**3 + 201*x**2 - 46*x - 151. What is m(50)?
49
Let a(u) = -u**2 + 12*u - 23. Calculate a(4).
9
Let w(x) = x**2 - 40*x - 516. Calculate w(-10).
-16
Let n(t) = -66*t - 352. Give n(-4).
-88
Let g(n) = -20*n**2 + 3*n - 21. What is g(4)?
-329
Let j(b) = 11*b**2 + 7*b + 6. Calculate j(-1).
10
Let k(a) = 